 greatest common divisor of 493331878 and 2886.
962
Calculate the greatest common divisor of 1755 and 3104037.
9
What is the greatest common factor of 35343 and 173961?
459
What is the greatest common divisor of 13765 and 254024816?
2753
Calculate the highest common divisor of 670804644 and 9468.
3156
What is the highest common divisor of 3930 and 182505?
15
Calculate the highest common factor of 555520560 and 672.
336
Calculate the highest common divisor of 10 and 1600345.
5
What is the greatest common divisor of 113463 and 637056?
63
What is the greatest common factor of 2818982 and 16?
2
What is the highest common divisor of 11428735 and 40?
5
Calculate the highest common factor of 2000 and 250220.
20
What is the greatest common divisor of 284793 and 12748107?
4827
What is the greatest common factor of 3288693 and 93?
3
What is the greatest common factor of 42321093 and 219?
219
What is the greatest common factor of 134 and 1695167?
67
Calculate the greatest common divisor of 36173898 and 594.
54
Calculate the greatest common divisor of 14744 and 6658759.
1843
Calculate the highest common factor of 411255 and 41610.
285
What is the highest common divisor of 12862084 and 601956?
2908
Calculate the greatest common factor of 125 and 17395625.
125
Calculate the highest common divisor of 2584 and 584188.
68
Calculate the greatest common divisor of 23680382 and 110.
22
Calculate the highest common factor of 2167725 and 3885.
105
Calculate the greatest common factor of 219 and 22395816.
219
Calculate the greatest common divisor of 21230392 and 190112.
3656
Calculate the highest common factor of 40736 and 44416.
32
Calculate the greatest common factor of 400316 and 784.
28
What is the highest common divisor of 11753153 and 304?
19
What is the greatest common divisor of 22480 and 240200?
40
What is the greatest common factor of 179731 and 901478?
941
Calculate the greatest common factor of 623934 and 2550.
102
What is the greatest common divisor of 588820 and 598260?
1180
Calculate the greatest common factor of 90465991 and 770.
77
Calculate the highest common divisor of 540 and 82661440.
20
What is the highest common divisor of 24748 and 352728?
92
Calculate the highest common divisor of 4999446 and 36.
18
What is the highest common divisor of 652 and 2508733?
163
What is the greatest common divisor of 660 and 22008540?
60
Calculate the greatest common divisor of 2013 and 3004311.
183
Calculate the greatest common divisor of 272670 and 10065.
915
Calculate the greatest common factor of 278735 and 870070.
2605
Calculate the highest common factor of 1211529704 and 56.
56
Calculate the greatest common divisor of 2506 and 914149957.
1253
What is the highest common divisor of 18792361 and 470407?
7973
What is the highest common divisor of 502814 and 409148?
466
Calculate the highest common divisor of 77486 and 28090.
106
Calculate the greatest common divisor of 5630 and 176689105.
2815
Calculate the highest common divisor of 1272 and 2455914.
318
Calculate the highest common factor of 58701 and 9008877.
3453
Calculate the greatest common divisor of 12 and 34180518.
6
What is the greatest common factor of 856614 and 1056?
66
What is the greatest common factor of 34492869 and 16119?
1791
What is the greatest common factor of 10353 and 171597031?
493
What is the highest common divisor of 2142 and 1179199?
7
What is the greatest common divisor of 55530 and 51747790?
6170
Calculate the highest common divisor of 7850444 and 70.
14
Calculate the highest common factor of 167466 and 627.
57
Calculate the highest common factor of 16528 and 13414538.
2066
Calculate the highest common factor of 164100 and 41100.
300
Calculate the greatest common factor of 48084376 and 16.
8
What is the greatest common factor of 280 and 1940824?
8
Calculate the greatest common factor of 9930 and 6870.
30
Calculate the highest common divisor of 28169856 and 1045.
209
Calculate the greatest common factor of 61074 and 2984332.
754
What is the highest common divisor of 771 and 120911047?
257
What is the highest common factor of 11259 and 15387717?
417
Calculate the greatest common divisor of 491156664 and 2580.
516
What is the greatest common factor of 545043 and 225816?
291
What is the highest common divisor of 4119 and 5631?
3
Calculate the greatest common factor of 808255 and 25.
5
What is the highest common factor of 2137 and 2357?
1
Calculate the greatest common divisor of 36635005 and 77.
11
Calculate the highest common divisor of 1649536 and 94192.
112
Calculate the greatest common divisor of 69750 and 117.
9
What is the greatest common divisor of 1086550 and 22382?
62
Calculate the highest common factor of 17692 and 16634903.
4423
Calculate the highest common divisor of 9199710 and 15795.
1755
What is the highest common factor of 1057734 and 468?
18
What is the greatest common divisor of 2521992 and 16104?
264
Calculate the highest common divisor of 1195363 and 3965.
13
What is the greatest common factor of 799 and 489311?
17
What is the greatest common factor of 366711940 and 560?
140
What is the highest common divisor of 1553 and 24107219?
1553
What is the greatest common divisor of 48 and 3441296?
16
Calculate the greatest common divisor of 66002008 and 8.
8
Calculate the highest common factor of 882374 and 42.
2
Calculate the greatest common factor of 415150517 and 15868.
3967
Calculate the greatest common factor of 430 and 1009678270.
430
Calculate the highest common factor of 295 and 4720965.
5
What is the greatest common factor of 3798 and 5133582?
18
What is the highest common factor of 16848 and 32877?
117
What is the greatest common divisor of 47736 and 24696036?
1836
Calculate the highest common factor of 40 and 38226190.
10
Calculate the highest common factor of 3045 and 2539905.
15
What is the highest common divisor of 2292 and 23508471?
573
Calculate the greatest common factor of 16627240 and 126.
14
Calculate the highest common divisor of 1936 and 117096540.
484
Calculate the highest common divisor of 285 and 885750.
15
What is the greatest common divisor of 10592 and 65308948?
1324
What is the highest common divisor of 441860 and 19940?
20
Calculate the highest common factor of 220365783 and 9108.
2277
Calculate the highest common divisor of 124917 and 4966.
13
What is the greatest common divisor of 148655 and 1053?
13
Calculate the highest common factor of 4060 and 100996.
28
What is the highest common divisor of 316454 and 27?
1
Calculate the highest common divisor of 117830331 and 523.
523
What is the greatest common factor of 105556 and 286308?
44
What is the greatest common factor of 1217352 and 576?
24
Calculate the greatest common divisor of 62 and 1554448934.
62
What is the greatest common factor of 364892 and 33704?
44
What is the greatest common factor of 767 and 74003700?
59
What is the greatest common factor of 366194764 and 26?
26
What is the greatest common divisor of 684 and 31427596?
76
What is the greatest common factor of 36738501 and 123?
123
Calculate the greatest common factor of 1067399549 and 58.
29
Calculate the greatest common factor of 24480 and 1105.
85
Calculate the greatest common divisor of 6039641 and 705.
47
What is the highest common factor of 12122 and 16700772?
418
Calculate the highest common factor of 147882 and 83874.
42
What is the greatest common factor of 1148 and 37568587?
287
What is the greatest common divisor of 80622 and 19783743?
4479
Calculate the greatest common divisor of 168520 and 412280.
440
Calculate the highest common factor of 4853603 and 12679.
409
Calculate the highest common divisor of 187 and 3809234.
11
Calculate the highest common factor of 14090412 and 4648.
2324
Calculate the greatest common divisor of 279824 and 4568.
8
Calculate the greatest common divisor of 19180194 and 1452.
726
Calculate the highest common factor of 10662 and 29421789.
5331
What is the highest common divisor of 321748 and 165592?
28
Calculate the greatest common divisor of 193 and 31256929.
193
What is the greatest common divisor of 497387 and 3539657?
4829
Calculate the highest common factor of 20531392 and 448.
448
What is the greatest common factor of 674455 and 58910?
215
What is the greatest common divisor of 12648 an